d - 8. Let m be c(-8). Let n be (-84)/m + (-12)/(-16). Let t(u) = u - 5. What is the units digit of t(n)?
1
What is the hundreds digit of -1*(5 - 4) + -1 + 744?
7
Let f be (2*18)/((-18)/(-12)). What is the units digit of f/(-20)*30*-4?
4
Suppose -20 = 2*l + 2*p, -5*l - p - 33 = 1. Let j = l + 24. What is the tens digit of j?
1
Suppose 0*n + 1513 = 4*n - 5*c, -2*c - 1498 = -4*n. What is the tens digit of n?
7
Let z = 49 + -50. What is the tens digit of (-48 + -5)/(0 + z)?
5
Let s = 69 - 63. Let z be 6/12 - (-3)/2. Suppose -o - z = -s. What is the units digit of o?
4
Suppose 37615 - 5455 = 8*j. What is the hundreds digit of j?
0
Let u = -3357 - -5788. What is the thousands digit of u?
2
Let d = -51 - -297. Let q = d - 164. What is the tens digit of q?
8
Suppose 3*h - h - 30 = 4*r, -2*h + r = -15. Let y be ((-12)/(-10))/((-3)/(-360)). Suppose k - h*k + y = 0. What is the units digit of k?
6
Let w = 10 + -16. Let v = 6 + w. Suppose 3*r + v*t - 44 = -2*t, 0 = -r + 2*t + 12. What is the tens digit of r?
1
Suppose 0 = 2*d + 4*d - 9042. What is the hundreds digit of d?
5
Let i(g) = -5. Let b(d) = d - 24. Let n(c) = 2*b(c) - 11*i(c). Let z = -125 - -134. What is the tens digit of n(z)?
2
Suppose 65930 = 45*h + 14090. What is the hundreds digit of h?
1
Suppose -47162 - 94288 = -23*m. What is the tens digit of m?
5
Let i(o) = -o**3 + 13*o**2 - 15*o - 4. Let g be i(12). Let l = -83 - -155. Let y = l + g. What is the units digit of y?
2
Let z(g) = g**2 - 16*g + 1. Let i be z(16). What is the units digit of (4/(-6))/i - (-1095)/9?
1
Suppose 5 = -v - 0*v, 5*q + 275 = 2*v. Let k = -43 - q. What is the tens digit of k?
1
Let w = 73 + 361. What is the units digit of w?
4
Suppose -10*b + 4 = -12*b. What is the units digit of 324 + (0 - b) + -5?
1
Let d be -9 + 4 + (11 - 6). Let i be (109 + -3)/(-1 - -2). Suppose d = -6*j + i + 176. What is the tens digit of j?
4
Let h be 12 + (33/(-12) - 4/16). Let b(p) = -6 - 7 + 1 + 4*p. What is the units digit of b(h)?
4
Let s be ((-6)/(-2) - -24) + -2. Let w = 28 - s. Suppose -43 = -4*x + w*x. What is the tens digit of x?
4
Suppose 0 = w + 2*x - 4*x - 3, -x = -4*w + 12. Let d(n) = -64 + 68 + 7*n - w*n - 3*n. What is the units digit of d(0)?
4
Let n = 383 + -335. What is the units digit of n?
8
Suppose -4*g = -7 + 19, 5*g + 25 = -p. Let l be 6/p - (-12)/(-30). Let h(b) = 4*b**2 - b - 1. What is the units digit of h(l)?
4
Suppose 0 = -2*q - 4*c + 11 - 37, -c = 2*q + 17. Let n = -7 - q. Suppose n = h - 5*h + 8, 0 = 3*d + 5*h - 34. What is the units digit of d?
8
Let u(b) = -b**3 - 12*b**2 - 11*b + 5. Let t be u(-11). Let c be 3/t - (-1428)/70. Let a = -3 + c. What is the tens digit of a?
1
Let n(d) = -7*d - 2. Let i be n(-2). Suppose 0 = -0*s - 2*s - 4*l + 42, 0 = s + 5*l - i. Suppose g - s = -0*g. What is the units digit of g?
7
Let c(j) = j**3 - 5*j**2 - 7*j + 14. Let w be c(6). Let p(i) be the second derivative of -i**4/12 + 4*i**3/3 + i**2/2 - i. What is the units digit of p(w)?
1
Suppose 2*r + 4*w = 1373 - 153, 0 = r - w - 622. What is the units digit of r?
8
Let n be 18/9 + -1*1. Let b = 28 + n. Let y = 57 - b. What is the tens digit of y?
2
Let c = 7 - 2. Suppose 0 = -2*i - 38 + 302. Suppose -c*s = s - i. What is the tens digit of s?
2
Let u = -1932 + 4072. What is the hundreds digit of u?
1
Let x(b) = b**3 - 2*b**2 - 2*b - 5. Let p be x(3). What is the units digit of (-3*(-1)/6)/(p/(-40))?
0
Let t = 25 - 19. Suppose -10*r = -t*r - 448. What is the hundreds digit of r?
1
Suppose 2*o = 5*t - 25, -4*o - 28 = 5*t + 7. Let d(v) = v**3 + 9*v**2 - 9*v + 14. Let a be d(o). Suppose a*k - 5*k + 19 = 0. What is the units digit of k?
9
Suppose -2*d - 2*m = 0, 0*m + m = -2*d + 3. Suppose 4*g + 45 = 5*g + 5*c, d*g + 5*c - 165 = 0. Suppose -2*z - g = -4*z. What is the units digit of z?
0
Let x be (-88)/(-33)*(1 - -2). Suppose 2*g = -y + 15, g + 20 = -3*y + x*y. Suppose v - y*u = 12 + 3, 2*v - 2*u = 54. What is the units digit of v?
0
Suppose 8*a = 2*h + 6*a - 8, -3*a - 12 = 4*h. Suppose 5*g - 12 - 23 = h. What is the units digit of g?
7
Suppose 0 = 30*s - 7059 - 88971. What is the tens digit of s?
0
Suppose -10*n = 5*n - 45705. What is the tens digit of n?
4
Let t(s) = 2*s + 25. Let x be t(0). Let d(u) = -18*u - 8. Let j be d(-4). Let l = j - x. What is the tens digit of l?
3
Let v(z) = -z**2 + z - 2. Let r be v(3). Let l be 1/(-2) - 52/r. What is the units digit of l/(-10) + 53/5?
0
Let u(z) = -z**3 - 6*z**2 - 5*z - 3. Let c be u(-5). Let d = c + 7. Suppose -m - d*i = -21, 0*m + m = 3*i - 7. What is the units digit of m?
5
Let b be (-3 + (-183)/(-15))/(6/(-30)). Let p = 128 + b. What is the tens digit of p?
8
Suppose 5*p = 5*d - 9660, -p + 3870 = 6*d - 4*d. What is the hundreds digit of d?
9
What is the thousands digit of (0 + -1 + 292)*(-96)/(-9)?
3
Suppose 4*o - 432 = 8*o. What is the tens digit of 24/o - (-850)/18?
4
Suppose -2*f + 12 = -2*h, -f + 3 = -5*h + 1. Let g(u) = -u**3 - 10*u**2 + 8*u - 24. Let y be g(-11). Let p = y + f. What is the units digit of p?
6
Suppose -3*s + 11760 = -4*c, 11*c = 15*c. What is the tens digit of s?
2
Let x(t) = -t**2 + 9*t - 9. Let j be x(7). Suppose 0 = 5*p + j*n - 35, 2*p - 18 = -n - 3*n. What is the units digit of 0 + p/(10/4)?
2
Suppose -5*i + 2*g = 19 + 3, -i + 3*g = 7. Let x(k) = -k**3 + 4*k**2 - 5*k - 8. What is the tens digit of x(i)?
4
Let s = 4281 - 2818. What is the units digit of s?
3
Let a(z) = -15*z - 43. Let b(n) = -n**2 - 7*n - 15. Let y be b(-6). What is the units digit of a(y)?
2
Let b be (-20)/(-8)*(-2)/1. What is the tens digit of 2/(b + (-3284)/(-656))?
2
Suppose 2*w + 120 = 2*g, 2*w - 421 + 128 = -5*g. Suppose -5*s + g = 2*k, k - 32 = -3*s - 3. Let q = -12 + k. What is the units digit of q?
0
Suppose -9*k + k = -1456. What is the hundreds digit of k?
1
Let j(t) = -t**3 + t**2 - t + 88. Let i be j(0). Suppose -2*n + 2*w + i = 0, -w = 2*n - 39 - 58. Let l = 17 + n. What is the tens digit of l?
6
Suppose 1596 = 21*a - 2*a. Let d be (-143)/3 - 1/3. Let z = a + d. What is the units digit of z?
6
Suppose -6 = 2*a + 6. Let f = a - -45. Suppose -3*o + 7*o + f = 3*i, -2*i - 5*o + 26 = 0. What is the units digit of i?
3
Let z(o) = o**3 + o**2 - 3*o. Let n be z(-2). Suppose 5*l = -3*c + 682, -l = 5*c - n*l - 1118. What is the tens digit of c?
2
Let n = -93 + 131. Let f be (0 - 3)/((-11)/(275/15)). Suppose -5*m + 50 = 6*y - y, f*y - m = n. What is the units digit of y?
8
Let s be ((-3)/2)/((-2)/8). Suppose -4 - s = -5*u. Suppose 5*j = 3*g - 136, -6 = 5*j - u*j. What is the units digit of g?
2
Let l = 3624 + 197. What is the hundreds digit of l?
8
Suppose 0 = 2*w + 6, 111*a - 2*w - 4551 = 108*a. What is the tens digit of a?
1
Suppose 26 = 5*h + 3*x, -h + 4*h + x = 18. Let n = -8 - -6. What is the tens digit of n/h + (-121)/(-7)?
1
Let u be (-28)/(-3)*(-9)/12*-34. Let t = u + -138. What is the hundreds digit of t?
1
What is the hundreds digit of (1 - -1)/((-4)/(-1586))?
7
Let m = 549 + 878. What is the thousands digit of m?
1
Suppose y - 5*y - 20 = 0. Let b = 0 - y. Suppose 0 = a - b - 13. What is the units digit of a?
8
Let y(k) = 2*k - 15. Let l be y(10). Suppose 0 = -r - 5, i + i + l*r = -15. Suppose f = i*h, -4 = 5*f - 5*h - 24. What is the units digit of f?
5
Suppose -2*t = 2*l - 18, -7 = 3*t - 5*l + 6. Let o(q) = 7 - 3*q + t*q - 5 + 7. What is the units digit of o(-8)?
1
Let k(u) = 115*u**2 - 7*u + 16. What is the thousands digit of k(3)?
1
Suppose -3*t - 11 + 51 = -4*k, 0 = -2*t - k + 23. Suppose -6*m = -84 - t. What is the units digit of m?
6
Let c(m) be the second derivative of 1/3*m**3 - 7/2*m**2 + 6*m + 0. What is the units digit of c(9)?
1
Suppose 0*j = -2*t + 3*j + 362, -896 = -5*t + 3*j. What is the hundreds digit of t?
1
Suppose -25*x = -30*x + 1765. What is the units digit of x?
3
Let k(n) = -n**3 + 7 + 10*n**2 + 0*n**3 + 6*n - 32. What is the tens digit of k(10)?
3
Suppose 0*i - 4*i = 0. Suppose 3*g + 5*g - 184 = i. What is the units digit of g?
3
Let x(w) = w**3 - 5*w**2 - 4*w - 12. Let m be x(6). Let s(f) = -f**3 - f**2 + f + 115. What is the units digit of s(m)?
5
Let x(i) = -3*i**2 + 2*i - 3*i**2 - 9 + 26*i**3 - 27*i**3. What is the tens digit of x(-7)?
2
Let p(a) = 343*a**2 + 8*a + 11. What is the tens digit of p(-2)?
6
Suppose -12*u + 10*u + 1182 = 0. What is th